ue
Is 21 a factor of 6369739?
False
Is 24 a factor of 7443?
False
Is 19 a factor of 94183?
True
Does 8 divide 762056?
True
Does 14 divide 172760?
True
Is 12 a factor of 2932441?
False
Does 67 divide 1748?
False
Does 154 divide 15903708?
False
Does 336 divide 345408?
True
Does 40 divide 398490?
False
Is 20 a factor of 6720?
True
Does 5 divide 1285550?
True
Is 265085 a multiple of 83?
False
Is 17136 a multiple of 476?
True
Is 313 a factor of 1100682?
False
Does 533 divide 399750?
True
Is 106 a factor of 112254?
True
Is 892314 a multiple of 6?
True
Is 37832 a multiple of 27?
False
Does 51 divide 352951?
False
Does 559 divide 4243160?
False
Is 2817912 a multiple of 12?
True
Is 6 a factor of 2901283?
False
Is 605 a factor of 427735?
True
Is 14 a factor of 151606?
True
Is 20580336 a multiple of 1008?
True
Is 184305 a multiple of 6?
False
Does 237 divide 710289?
True
Does 11 divide 287689?
False
Is 628408 a multiple of 4?
True
Does 225 divide 151425?
True
Does 9 divide 2909664?
True
Is 18 a factor of 179568?
True
Is 18 a factor of 12509406?
True
Does 496 divide 1549268?
False
Is 119375 a multiple of 25?
True
Does 167 divide 1090677?
True
Is 1112451 a multiple of 323?
False
Is 2389397 a multiple of 61?
False
Does 908 divide 57057?
False
Does 148 divide 1083804?
True
Is 210 a factor of 1955069?
False
Does 16 divide 134449?
False
Does 50 divide 661400?
True
Does 36 divide 1681018?
False
Is 8475873 a multiple of 6?
False
Is 2 a factor of 34613?
False
Is 30 a factor of 2175502?
False
Is 8585784 a multiple of 27?
True
Is 167547 a multiple of 12?
False
Is 64904 even?
True
Does 144 divide 1769070?
False
Is 224725 a multiple of 86?
False
Does 26 divide 3462172?
False
Is 95 a factor of 1628870?
True
Is 1193390 a multiple of 110?
True
Is 347 a factor of 76340?
True
Does 124 divide 13882916?
True
Is 8746048 a multiple of 64?
True
Is 113295 a multiple of 66?
False
Is 822585 a multiple of 899?
True
Is 67150 a multiple of 17?
True
Does 108 divide 167740?
False
Is 192639 a multiple of 12?
False
Is 1826568 a multiple of 18?
True
Does 45 divide 2574945?
True
Does 238 divide 67680?
False
Is 51 a factor of 546731?
False
Is 577 a factor of 581054?
False
Is 389 a factor of 1429651?
False
Is 143189 a multiple of 139?
False
Does 4 divide 450470?
False
Does 417 divide 195990?
True
Is 25 a factor of 13484150?
True
Does 9 divide 28503?
True
Is 521947 a multiple of 76?
False
Is 63597 a multiple of 146?
False
Does 876 divide 660915?
False
Does 17 divide 37064505?
True
Is 205036 a multiple of 7?
False
Is 44 a factor of 738105?
False
Does 1735 divide 18374690?
False
Does 63 divide 463946?
False
Does 24 divide 110414?
False
Does 365 divide 90451?
False
Is 3 a factor of 325?
False
Is 71 a factor of 970073?
True
Is 356256 a multiple of 36?
True
Is 12 a factor of 255388?
False
Does 816 divide 1933284?
False
Is 2078995 a multiple of 6?
False
Is 19 a factor of 435063?
False
Is 4 a factor of 1344893?
False
Does 681 divide 17234067?
True
Does 107 divide 107535?
True
Is 807845 a multiple of 9?
False
Does 195 divide 294074?
False
Does 73 divide 3497544?
False
Is 166 a factor of 6102063?
False
Does 215 divide 6479272?
False
Is 60 a factor of 645932?
False
Does 59 divide 1916733?
True
Is 38340 even?
True
Is 7698258 a multiple of 767?
False
Does 81 divide 72683?
False
Does 108 divide 1214244?
True
Does 16 divide 1926128?
True
Is 1580454 a multiple of 13?
False
Does 438 divide 797160?
True
Does 246 divide 152199?
False
Is 3245193 a multiple of 359?
False
Is 87 a factor of 5365638?
True
Is 2860692 a multiple of 148?
True
Does 55 divide 26527?
False
Is 97080 a multiple of 24?
True
Is 752 a factor of 4609492?
False
Is 476 a factor of 556920?
True
Does 59 divide 4275815?
False
Is 13 a factor of 27957148?
False
Is 11344269 a multiple of 6?
False
Does 494 divide 10901098?
True
Is 1360244 a multiple of 18?
False
Does 292 divide 1534783?
False
Does 34 divide 2826249?
False
Is 346 a factor of 15687227?
False
Is 76019 a multiple of 29?
False
Is 1264801 a multiple of 264?
False
Is 308 a factor of 36344?
True
Is 189 a factor of 3008880?
True
Is 31 a factor of 211737?
False
Is 203754 a multiple of 58?
True
Does 6 divide 2630?
False
Does 93 divide 62031?
True
Is 51 a factor of 1247511?
True
Does 110 divide 14190834?
False
Does 38 divide 20733408?
True
Is 37136 a multiple of 16?
True
Is 20 a factor of 4929280?
True
Is 7 a factor of 84735?
True
Is 400121 a multiple of 201?
False
Is 41 a factor of 1353?
True
Does 1016 divide 3085592?
True
Does 339 divide 970896?
True
Is 28238 a multiple of 84?
False
Does 801 divide 7720677?
False
Is 103189 a multiple of 84?
False
Is 6 a factor of 95568?
True
Does 99 divide 16083?
False
Is 3773180 a multiple of 10?
True
Is 2756136 a multiple of 13?
False
Is 982492 a multiple of 361?
False
Does 10 divide 4382460?
True
Does 11 divide 190125?
False
Is 718026 a multiple of 3?
True
Is 3 a factor of 131425?
False
Is 184 a factor of 1277512?
True
Is 244143 a multiple of 140?
False
Is 153 a factor of 952984?
False
Does 8 divide 80072?
True
Is 622573 a multiple of 257?
False
Is 1074925 a multiple of 155?
True
Is 20 a factor of 9144300?
True
Is 250 a factor of 3028307?
False
Is 12 a factor of 117461?
False
Does 5 divide 7974?
False
Is 19753 a multiple of 3?
False
Is 224 a factor of 227584?
True
Is 355 a factor of 204353?
False
Is 762 a factor of 209705?
False
Does 38 divide 222604?
True
Is 25 a factor of 532500?
True
Is 180 a factor of 832680?
True
Does 69 divide 153111?
True
Does 9 divide 791622?
True
Is 483803 a multiple of 191?
True
Is 8 a factor of 3593824?
True
Is 133 a factor of 18583963?
False
Is 24281 a multiple of 40?
False
Is 53 a factor of 293090?
True
Is 1534 a factor of 8183890?
True
Is 341 a factor of 1875481?
False
Does 22 divide 328495?
False
Is 4908156 a multiple of 19?
True
Does 29 divide 12359?
False
Is 61254 even?
True
Is 5512619 a multiple of 30?
False
Does 10 divide 3743651?
False
Does 371 divide 2285012?
False
Does 94 divide 2446632?
True
Does 387 divide 137385?
True
Does 14 divide 4343164?
True
Is 155407 a multiple of 149?
True
Is 379199 a multiple of 370?
False
Is 8907977 a multiple of 294?
False
Is 1625 a factor of 3297343?
False
Is 13 a factor of 195611?
True
Is 97 a factor of 61237?
False
Is 882876 a multiple of 2?
True
Is 2 a factor of 2930895?
False
Does 35 divide 1266023?
False
Is 1455 a factor of 790065?
True
Is 2471556 a multiple of 12?
True
Is 64757 a multiple of 9?
False
Does 18 divide 4941198?
True
Is 536817 a multiple of 6?
False
Is 449307 a multiple of 129?
True
Is 69 a factor of 1011402?
True
Is 124932 a multiple of 29?
True
Does 8 divide 47822?
False
Is 9 a factor of 657952?
False
Is 375 a factor of 4882500?
True
Is 541 a factor of 7601591?
True
Is 386425 a multiple of 65?
True
Does 150 divide 1214250?
True
Is 152530 a multiple of 14?
True
Is 108 a factor of 68190?
False
Is 164 a factor of 567932?
True
Is 48 a factor of 884784?
True
Does 40 divide 84101?
False
Does 225 divide 298098?
False
Is 520703 a multiple of 474?
False
Is 6409682 a multiple of 149?
True
Is 1425432 a multiple of 17?
False
Does 68 divide 7233092?
True
Is 223668 a multiple of 342?
True
Is 1105 a factor of 2064140?
True
Does 629 divide 581363?
False
Is 646646 a multiple of 14?
True
Does 3 divide 14524?
False
Is 638085 a multiple of 9?
False
Is 47 a factor of 41501?
True
Is 1260281 a multiple of 367?
False
Is 430122 a multiple of 418?
True
Does 850 divide 11386600?
True
Does 11 divide 176807?
False
Is 8211 a multiple of 2?
False
Is 139568 a multiple of 88?
True
Is 103 a factor of 6587869?
False
Does 247 divide 3795127?
False
Is 7166610 a multiple of 570?
True
Is 4 a factor of 3279?
False
Does 61 divide 20915803?
False
Is 26 a factor of 176904?
True
Is 74 a factor of 818181?
False
Is 5 a factor of 62261?
False
Does 13 divide 7130280?
False
Is 125 a factor of 92875?
True
Is 11 a factor of 1557766?
False
Is 420669 a multiple of 43?
True
Is 215866 a multiple of 17?
True
Is 130 a factor of 312780?
True
Is 161941 a multiple of 14?
False
Is 286 a factor of 6064058?
True
Is 163642 a multiple of 17?
True
Does 66 divide 821416?
False
Is 29 a factor of 72770?
False
Does 338 divide 6996871?
False
Is 1130038 a multiple of 14?
True
Is 61 a factor of 9529?
False
Is 138 a factor of 212106?
Tru